Suppose 4 = -4*x + 4*z, -x + 2*z - 3*z = 11. What is m(x)?
7
Suppose d = 5*b + 16 + 5, -b = 2*d + 13. Let l(y) = -5*y**2 - y - 8. Let t(c) = -2*c**2 + 3*c - 1. Let k(i) = l(i) - 2*t(i). Determine k(d).
6
Let y(a) be the third derivative of a**5/12 + a**4/12 + 48*a**2. Determine y(2).
24
Let h(n) = -2*n + 5. Let y be 3/(-2*(-5)/10) + 3. Calculate h(y).
-7
Suppose 5*l + 14*l - 76 = 0. Let w(f) = -f**3 + 7*f**2 - 5*f - 3. Determine w(l).
25
Let z(w) = -w**2 + 3*w - 4. Let c = 30 + -10. Suppose -8 = 2*t, 0 = 3*n - 7*n + t + c. Let q be z(n). Let i(u) = -u**2 - 9*u - 6. Give i(q).
2
Let b(r) = 0 - 7 + 7 + 6*r + 0 + 2. Calculate b(-2).
-10
Let s be -4*(7/2 - 3). Let a be (s*2 + 3)*2. Let k be a/(-10) + (-62)/10. Let g(r) = -2*r - 2. What is g(k)?
10
Let b(r) = -r**3 + 2*r**2 - 2*r - 1. Let q = -42 - -114. Let l = -70 + q. What is b(l)?
-5
Let v(z) be the third derivative of -z**6/120 + z**5/20 + z**4/24 + 2*z**3/3 - 17*z**2. Suppose -17*f = -8 - 43. Give v(f).
7
Let v(m) = -5*m**3 - 2*m**2 - m. Let q = 15 - 8. Let t = 12 - q. Suppose -t*p - g - 4 = 0, 3*g + 2 = 4*p + 9. Calculate v(p).
4
Let g(r) be the first derivative of r**3/3 + 5*r**2/2 - 5*r - 9. Let w(t) = -2*t**2 - 6*t + 5. Let p(i) = 3*g(i) + 2*w(i). Calculate p(5).
-15
Let a(h) be the third derivative of 2*h**2 + 0 + 0*h - 1/120*h**6 - 1/6*h**3 - 3/20*h**5 + 5/12*h**4. Let q be a(-10). Let b(o) = 5*o**2 - 1. Determine b(q).
4
Let d(q) = q**2 + 8*q + 7. Let t = -51 + 56. Suppose -h = -0*h + t. Calculate d(h).
-8
Let x(b) = -b - 11. Suppose -13*k + 37 = -18*k - 4*y, -y + 17 = -4*k. What is x(k)?
-6
Let u(s) be the second derivative of -s**5/20 + 3*s**4/4 + 3*s**3/2 + 13*s**2/2 + 77*s. Give u(10).
3
Let t(l) = -3*l**2 - 4. Let g(w) = -2*w**2 - 4*w - 5. Let s(n) = g(n) - t(n). Suppose -m = i - 3, 0 = 3*m - 7*m - 5*i + 10. What is s(m)?
4
Let o(g) = g**2 - 6*g - 8. Suppose -5*w + 2 = 47. Let y = -2 - w. Let f be o(y). Let r(j) = -3*j. What is r(f)?
3
Let o(v) be the third derivative of -v**6/120 + v**5/15 + 2*v**3/3 + 200*v**2. What is o(4)?
4
Suppose -23*h + 21*h = 0. Let d = h + -3. Let s(x) = -x**2 + 2*x - 1. What is s(d)?
-16
Let g(c) = -c**3 + 7*c**2 - 7*c + 7. Suppose -2*w - 2*r + 20 = 0, 2*w - 3*r - 50 = r. Suppose 3*q + w = 60. Let m = -9 + q. Give g(m).
1
Let o(b) = b**3 + b**2 - b. Let c(y) = -6*y**3 - 9*y**2 + 11*y. Let r(g) = -c(g) - 5*o(g). Give r(-5).
5
Let p(b) = -206 + 637 - 200 - 2*b - 216. What is p(14)?
-13
Let i(l) = 9*l + 1 + 6*l + 0*l. Let f(k) = 15*k - 14. Let u be f(1). Determine i(u).
16
Let a = -322 - -316. Let i(t) = t**2 + 6*t + 5. What is i(a)?
5
Suppose 4*y + 4 = 2*o - 16, 0 = -5*o + 5*y + 40. Let i(b) be the third derivative of b**4/24 - b**3/6 + 2*b**2. Determine i(o).
5
Let y(v) = -14*v - 1. Let i be (-6)/(-30) + 332/(-10). Let s = 32 + i. Determine y(s).
13
Let y be 50/3 + (-2)/3. Let f = 16 - y. Suppose f = -7*m + 8*m - 4. Let o(p) = p**3 - 3*p**2 - 3*p - 4. Calculate o(m).
0
Let b = 33 + -25. Let s(a) = 38*a**2 - 18*a**2 - 9 - 21*a**2 - b*a. Calculate s(-7).
-2
Let f = -618 + 612. Let t(m) = m**3 + 5*m**2 - 10*m - 8. Determine t(f).
16
Let u(m) = 16*m**2 + 2*m - 4. Let l be u(2). Let t(w) = -2 + l*w - 61*w + w**2 + 0*w**2. Calculate t(-5).
8
Suppose 6*s - 46 = -10. Let b(d) = -8*d**3 + 6*d**2 - 11*d - 13. Let p(c) = 7*c**3 - 6*c**2 + 10*c + 12. Let y(w) = s*b(w) + 7*p(w). Determine y(5).
1
Let l be 1 - (-1 + 1 - 37). Let r = -64 - -108. Let t(y) = -y - r + 73 - l. Give t(-6).
-3
Let a be 0/(63/35 - (-3)/15). Let i(o) be the second derivative of -o**4/12 + o**3/6 - 3*o**2/2 + o. What is i(a)?
-3
Let j(w) = 7*w - 46. Suppose 0 = -5*k + 377*d - 374*d + 13, 3*k - 2*d = 7. What is j(k)?
-11
Let d(t) = -t - 4. Let z(g) = -g**3 + 34. Let j be z(0). Let x(h) = j*h - 72*h + 33*h - 17. Let k(r) = 9*d(r) - 2*x(r). Calculate k(4).
2
Let z(r) = -r**2 - 12*r - 14. Let b(s) = -8*s - 106. Let g be b(-12). Give z(g).
6
Suppose 6*i = -9*i. Let t(o) = -o**3 - o**2 - o - 15. Determine t(i).
-15
Let s(t) = -t**2 - 14*t - 4. Let o(z) = -z**2 - 13*z - 5. Let c(u) = 3*o(u) - 2*s(u). Calculate c(-11).
-7
Suppose -118*d + 70 = -108*d. Let x(j) = -j**3 + 7*j**2 - 4*j + 8. Calculate x(d).
-20
Suppose -24*n + 123*n = 0. Let s(z) = z**3 + z**2 + z + 10. Give s(n).
10
Let z(w) = -141 + 2*w - 6*w + 4*w**2 - w**3 + 156. Calculate z(4).
-1
Let v(h) be the second derivative of h**4/12 - h**2/2 - 11*h - 3. Calculate v(-2).
3
Let x(v) = -v**3 + 6*v**2 + 7*v - 2. Let u(j) = j**3 + 20*j**2 + 3*j + 67. Let d be u(-20). Give x(d).
-2
Let w(b) = -123*b**2 - 3*b - 30*b**2 + 151*b**2 + 2. Suppose 0 = m + 3*m - 5*x + 12, -5*m - 15 = -2*x. Determine w(m).
-7
Let k = 15 + -8. Let f(m) = -5 - 3*m + m**3 + 0*m - m - 4*m**2. Let i(c) = 3*c**3 - 12*c**2 - 13*c - 16. Let r(u) = k*f(u) - 2*i(u). Calculate r(4).
-11
Let o(l) be the third derivative of -1/6*l**4 - 16*l**2 + 0 + 0*l - 1/2*l**3. Calculate o(-2).
5
Let k(z) = -7*z + 17. Let p(f) = -3*f**2 + 39*f - 63. Let v be p(11). What is k(v)?
-4
Suppose -80*f + 158 = -f. Let p(r) = -r**3 - 2*r**2 + 3*r. Calculate p(f).
-10
Let h(f) = -11*f - 16. Let m(w) = -4*w - 5. Let b be (-1)/(4/(-14) - (-180)/1120). Let q be 6/4*(-1 - 1). Let k(y) = b*m(y) + q*h(y). What is k(-6)?
2
Let t(p) be the first derivative of p**3/6 - p**2/2 + 18*p + 18. Let h(s) be the first derivative of t(s). Let k = 2 - 3. Give h(k).
-2
Let m be 2/(-4) - (-44)/8. Let r(u) = u - 4. Let o be r(m). Let t(s) = s**3 - 2*s**3 + 2*s**3 - 4*s + 2 - 2*s**2 - o. Calculate t(3).
-2
Suppose 0 = f - 5*f - 36. Let l(m) = 6 + 6 + m - 11. Give l(f).
-8
Let u(z) = -z**3 + 8*z**2 - 6*z - 9. Let i be 2 + 8 + -5 - -2. Determine u(i).
-2
Let n(a) = a**3 - 6*a**2 + 6*a - 10. Suppose 16 - 1 = 3*q. Let p be n(q). Let o(u) be the first derivative of u**3/3 + 3*u**2 - 7*u - 1. Calculate o(p).
-12
Suppose -f = -3 + 2. Let x be f/2*(-9 - -9). Suppose -3*y - 2*y = n + 19, -4*n - 2*y + 14 = x. Let h(k) = k - 4. What is h(n)?
2
Let w(m) = -3*m**3 + 4 + 4*m**3 + 2*m**2 - 2 - 4*m. Let f = 21 - 15. Suppose 35 = -f*d + 11. Determine w(d).
-14
Suppose -368 = 18*w - 278. Suppose -3 = -r - 0. Let f(m) = -5*m**2 + 21*m. Let v(b) = -2*b**2 + 10*b. Let c(q) = r*f(q) - 7*v(q). Calculate c(w).
10
Let c(w) be the third derivative of -10*w**2 - 1/6*w**3 + 0*w + 0 + 1/20*w**5 + 0*w**4 + 1/120*w**6. Calculate c(-4).
-17
Let q(v) = v - 4. Let s(r) = -5*r**2 + 3*r**2 + 5*r**2 + 8*r**3 - 6*r**3. Let h be s(-2). What is q(h)?
-8
Let j(t) = -t**2 - 6*t - 8. Let n(f) = f**2 + 3*f**2 + 16 + 11*f - 2*f**2. Let g(y) = -5*j(y) - 2*n(y). Let d = 9 + -15. Calculate g(d).
-4
Suppose 0 = -2*r - r + 12. Let n(i) = -i**2 + 6*i - 2. Let m be n(r). Let u(x) = -x**3 + 6*x**2 + x + 3. Give u(m).
9
Let v(w) = -31*w - 30. Let f(y) = -14*y - 15. Let d(h) = 9*f(h) - 4*v(h). What is d(-10)?
5
Let c(f) = 4 + 0*f + 0 + f + 1. Let n be 2 + 1 - (5 + -7). Suppose -y + n*o + 5 = 0, 0 = 5*y + o - 21 + 48. Give c(y).
0
Let z(h) = 31*h - 294. Let x be z(9). Let p(w) = 3*w + 6. What is p(x)?
-39
Let q(a) = -5*a - 2*a + 364 + 2*a - 368. Determine q(3).
-19
Let v(y) = -2*y + 9. Let n be v(6). Let q(g) = 2*g**2 - g. Let l(j) = 3*j**2 - 5*j - 3. Let i(b) = l(b) - 2*q(b). Give i(n).
-3
Let f(g) = -3*g - 2. Let c be f(-11). Let j(n) = -4 + 35*n + c*n - 65*n. Suppose 0 = -u + 5*t - 16, 5*u - 5*t = -2*t + 30. Determine j(u).
5
Let o be (-1 - 0)*-23 + 7 + -3. Let u(a) = -33*a + 0*a**2 - o*a + 2 + a**2 + 66*a. What is u(-5)?
-3
Let v(m) be the first derivative of -5/2*m**2 - 1/3*m**3 - 5*m + 39. Determine v(-5).
-5
Let j = -470 - -475. Let t(o) = -o**3 + 4*o**2 + 7*o - 8. Give t(j).
2
Let d(q) = -q + 14. Suppose 5*g = 5*o - 65, -3*g = -2*o + 2*g + 35. Give d(o).
4
Let d(u) = -14*u - 1. Let h(w) = 5*w. Let v(j) = 4*d(j) + 11*h(j). Let r(n) = n**2 - 6*n + 6. Let g be r(6). Determine v(g).
-10
Suppose -5*b = 5*d + 90, -13*b = -8*b. Let n(p) = -p - 12. Determine n(d).
6
Let l(t) = -6*t + 34. Suppose -17*q = 44*q - 305. What is l(q)?
4
Let w be (-12)/(-3) + 1 + -4. Suppose -11 + w = 2*s, 2*i - 17 = s. Let x(n) = n**3 - 5*n**2 - 5*n - 6. Calculate x(i).
0
Let b = 212 - 210. Let u(y) be the first derivative of -y**3/3 - 2*y + 14. Give u(b).
-6
Let h(f) be the second derivative of -1/4*f**4 + 0 - 1/2*f**2 - 19*f - 1/3*f**3. What is h(-1)?
-2
Let f(o) = 3*o**2. Suppose 2*m + 4 = 4*m. Supp